
What is the millions digit of 49613485?
9
What is the tens digit of 76610273?
7
What is the ten thousands digit of 1985520506?
2
What is the tens digit of 864595115?
1
What is the tens digit of 58990639?
3
What is the millions digit of 22883282?
2
What is the tens digit of 105457108?
0
What is the ten millions digit of 440601705?
4
What is the millions digit of 564917756?
4
What is the ten thousands digit of 1263620011?
2
What is the ten thousands digit of 2067470558?
7
What is the thousands digit of 18590744?
0
What is the hundred thousands digit of 44881961?
8
What is the hundred millions digit of 1117382001?
1
What is the units digit of 581654796?
6
What is the ten millions digit of 604087256?
0
What is the tens digit of 89515528?
2
What is the ten thousands digit of 1088642206?
4
What is the units digit of 148413068?
8
What is the tens digit of 24731659?
5
What is the hundred thousands digit of 12459322?
4
What is the ten millions digit of 25328254?
2
What is the ten millions digit of 77199282?
7
What is the hundreds digit of 3014320115?
1
What is the ten thousands digit of 130229967?
2
What is the thousands digit of 7963389?
3
What is the units digit of 4214488532?
2
What is the hundreds digit of 5780394?
3
What is the thousands digit of 1385688932?
8
What is the millions digit of 316653853?
6
What is the ten thousands digit of 1190148015?
4
What is the units digit of 122949141?
1
What is the tens digit of 2603358569?
6
What is the hundred thousands digit of 70439545?
4
What is the ten thousands digit of 4958878504?
7
What is the hundred thousands digit of 1000907197?
9
What is the hundred thousands digit of 42704664?
7
What is the ten thousands digit of 21201777?
0
What is the hundred millions digit of 204259889?
2
What is the hundred thousands digit of 20299152?
2
What is the millions digit of 49024369?
9
What is the units digit of 638216627?
7
What is the ten thousands digit of 1011177374?
7
What is the hundreds digit of 1247695447?
4
What is the units digit of 1565937560?
0
What is the ten millions digit of 364645612?
6
What is the hundreds digit of 247465345?
3
What is the hundreds digit of 319041188?
1
What is the ten thousands digit of 121335552?
3
What is the ten millions digit of 42400815?
4
What is the thousands digit of 122033461?
3
What is the units digit of 13542872?
2
What is the ten thousands digit of 2717833518?
3
What is the hundred thousands digit of 609536538?
5
What is the hundred thousands digit of 141149568?
1
What is the ten thousands digit of 112640848?
4
What is the ten thousands digit of 93423774?
2
What is the hundred millions digit of 299094550?
2
What is the units digit of 21392496?
6
What is the hundreds digit of 507033964?
9
What is the hundred thousands digit of 7145283406?
2
What is the ten thousands digit of 64671253?
7
What is the hundred millions digit of 985175067?
9
What is the hundreds digit of 3189585244?
2
What is the units digit of 1351148273?
3
What is the billions digit of 2022867019?
2
What is the units digit of 115356745?
5
What is the hundred thousands digit of 3453833698?
8
What is the hundred thousands digit of 114352063?
3
What is the units digit of 297759795?
5
What is the tens digit of 162909260?
6
What is the ten thousands digit of 3217572583?
7
What is the ten thousands digit of 334169270?
6
What is the ten millions digit of 1553612657?
5
What is the ten thousands digit of 99319405?
1
What is the ten thousands digit of 4761162071?
6
What is the thousands digit of 2572066380?
6
What is the thousands digit of 87717684?
7
What is the millions digit of 76094748?
6
What is the ten thousands digit of 105928365?
2
What is the hundreds digit of 46624212?
2
What is the thousands digit of 514006744?
6
What is the thousands digit of 115485767?
5
What is the millions digit of 23725776?
3
What is the units digit of 105324444?
4
What is the hundreds digit of 1110817695?
6
What is the units digit of 4937660713?
3
What is the tens digit of 184643030?
3
What is the hundred millions digit of 1363464352?
3
What is the hundred millions digit of 4967789249?
9
What is the millions digit of 28103554?
8
What is the hundreds digit of 34785102?
1
What is the thousands digit of 167463490?
3
What is the hundred millions digit of 2237397079?
2
What is the ten millions digit of 48540737?
4
What is the ten thousands digit of 37635565?
3
What is the hundred thousands digit of 48654488?
6
What is the tens digit of 1327621786?
8
What is the ten millions digit of 682170333?
8
What is the hundreds digit of 64688205?
2
What is the ten thousands digit of 8234604724?
0
What is the ten thousands digit of 38946943?
4
What is the units digit of 509916094?
4
What is the tens digit of 1616243115?
1
What is the hundred millions digit of 6823845787?
8
What is the units digit of 47956867?
7
What is the millions digit of 114734753?
4
What is the ten millions digit of 137279457?
3
What is the hundred millions digit of 189852198?
1
What is the hundred millions digit of 421821834?
4
What is the millions digit of 2652688023?
2
What is the ten thousands digit of 547787917?
8
What is the tens digit of 1384850520?
2
What is the ten thousands digit of 8122745545?
4
What is the hundreds digit of 792768991?
9
What is the hundred thousands digit of 193446587?
4
What is the tens digit of 44591657?
5
What is the hundreds digit of 9639693?
6
What is the hundred thousands digit of 237287732?
2
What is the ten millions digit of 16631024?
1
What is the millions digit of 447911954?
7
What is the hundred millions digit of 1897023382?
8
What is the hundred thousands digit of 423206181?
2
What is the millions digit of 927752584?
7
What is the ten thousands digit of 40023257?
2
What is the thousands digit of 2463600921?
0
What is the tens digit of 1072874520?
2
What is the units digit of 206874736?
6
What is the millions digit of 215409934?
5
What is the units digit of 1664529164?
4
What is the thousands digit of 266673694?
3
What is the ten millions digit of 51892100?
5
What is the units digit of 873301648?
8
What is the thousands digit of 53580425?
0
What is the hundred thousands digit of 2914280036?
2
What is the hundreds digit of 54714959?
9
What is the hundred millions digit of 195936407?
1
What is the units digit of 30966379?
9
What is the hundred thousands digit of 462883843?
8
What is the thousands digit of 57139152?
9
What is the millions digit of 963570374?
3
What is the hundreds digit of 30352480?
4
What is the millions digit of 2888371812?
8
What is the hundred thousands digit of 131401435?
4
What is the hundred millions digit of 1477943623?
4
What is the hundred millions digit of 2780501907?
7
What is the tens digit of 44414382?
8
What is the ten thousands digit of 2374635594?
3
What is the thousands digit of 783993177?
3
What is the tens digit of 101904561?
6
What is the millions digit of 600144805?
0
What is the ten millions digit of 209849486?
0
What is the ten thousands digit of 1496103397?
0
What is the hundred millions digit of 548887559?
5
What is the units digit of 6574005244?
4
What is the tens digit of 1823612719?
1
What is the hundreds digit of 1632913975?
9
What is the hundred thousands digit of 36674167?
6
What is the ten thousands digit of 505064651?
6
What is the hundred millions digit of 4113639367?
1
What is the millions digit of 75429846?
5
What is the hundreds digit of 108152626?
6
What is the ten thousands digit of 39463464?
6
What is the ten millions digit of 1608199337?
0
What is the hundred millions digit of 119673176?
1
What is the ten thousands digit of 342307392?
0
What is the hundreds digit of 1723280950?
9
What is the millions digit of 676557922?
6
What is the hundreds digit of 1005846335?
3
What is the units digit of 13716956?
6
What is the hundred thousands digit of 415348406?
3
What is the hundreds digit of 871887417?
4
What is the hundreds digit of 284190992?
9
What is the hundreds digit of 135075492?
4
What is the millions digit of 532005165?
2
What is the ten millions digit of 127457814?
2
What is the ten millions digit of 601813725?
0
What is the millions digit of 2122200578?
2
What is the hundred thousands digit of 153444091?
4
What is the units digit of 230078186?
6
What is the tens digit of 1410896